ds digit of 37899795?
9
What is the hundred millions digit of 739813440?
7
What is the thousands digit of 234621608?
1
What is the ten thousands digit of 23428121?
2
What is the ten thousands digit of 6804636?
0
What is the thousands digit of 18539391?
9
What is the hundred millions digit of 168543946?
1
What is the tens digit of 691727999?
9
What is the billions digit of 4312628828?
4
What is the thousands digit of 8035751?
5
What is the hundred thousands digit of 18799330?
7
What is the millions digit of 269155027?
9
What is the units digit of 1391255678?
8
What is the hundreds digit of 2063108?
1
What is the units digit of 1784129794?
4
What is the thousands digit of 1382019166?
9
What is the hundreds digit of 229500163?
1
What is the hundreds digit of 1088051420?
4
What is the hundred millions digit of 383471607?
3
What is the thousands digit of 134551501?
1
What is the tens digit of 259456550?
5
What is the hundred thousands digit of 1993385157?
3
What is the thousands digit of 4681558?
1
What is the tens digit of 18923729?
2
What is the hundreds digit of 98385470?
4
What is the millions digit of 2999116973?
9
What is the ten thousands digit of 111316002?
1
What is the units digit of 1608836367?
7
What is the hundreds digit of 376764004?
0
What is the hundred thousands digit of 40457858?
4
What is the hundreds digit of 61480364?
3
What is the hundreds digit of 176765136?
1
What is the units digit of 126806660?
0
What is the ten thousands digit of 1008647669?
4
What is the units digit of 64636404?
4
What is the hundred thousands digit of 215886752?
8
What is the hundreds digit of 24264969?
9
What is the hundred millions digit of 139074026?
1
What is the hundred thousands digit of 47109160?
1
What is the hundreds digit of 128933825?
8
What is the thousands digit of 45251737?
1
What is the millions digit of 368086873?
8
What is the hundred thousands digit of 168695725?
6
What is the millions digit of 2148451363?
8
What is the hundreds digit of 710710314?
3
What is the ten millions digit of 107656395?
0
What is the millions digit of 861190482?
1
What is the tens digit of 201152936?
3
What is the tens digit of 4104225007?
0
What is the ten thousands digit of 21841303?
4
What is the hundreds digit of 160718419?
4
What is the hundreds digit of 375026523?
5
What is the thousands digit of 1058633444?
3
What is the hundreds digit of 220423458?
4
What is the hundred millions digit of 103889305?
1
What is the thousands digit of 340933051?
3
What is the ten millions digit of 41483584?
4
What is the hundreds digit of 352457063?
0
What is the thousands digit of 54707096?
7
What is the hundreds digit of 21761635?
6
What is the units digit of 3039945262?
2
What is the hundred thousands digit of 358148259?
1
What is the ten millions digit of 4966083835?
6
What is the hundred thousands digit of 94783876?
7
What is the millions digit of 2199158783?
9
What is the units digit of 5022686?
6
What is the hundreds digit of 2872514925?
9
What is the millions digit of 750715411?
0
What is the hundred thousands digit of 2254375654?
3
What is the units digit of 25793992?
2
What is the units digit of 709842810?
0
What is the hundred thousands digit of 454569902?
5
What is the hundred thousands digit of 23008013?
0
What is the ten thousands digit of 716061270?
6
What is the hundred thousands digit of 115513997?
5
What is the hundred thousands digit of 5620810458?
8
What is the millions digit of 40166658?
0
What is the millions digit of 96010706?
6
What is the tens digit of 4453343314?
1
What is the millions digit of 229855673?
9
What is the hundred thousands digit of 117954755?
9
What is the ten millions digit of 1277494967?
7
What is the units digit of 1744303634?
4
What is the ten millions digit of 187684305?
8
What is the tens digit of 39844120?
2
What is the thousands digit of 5502258030?
8
What is the thousands digit of 85158408?
8
What is the thousands digit of 462950292?
0
What is the ten thousands digit of 136866272?
6
What is the hundred thousands digit of 69966329?
9
What is the thousands digit of 219761434?
1
What is the hundred thousands digit of 2314117058?
1
What is the ten millions digit of 991960265?
9
What is the thousands digit of 2986331073?
1
What is the millions digit of 3092636349?
2
What is the hundreds digit of 95872580?
5
What is the hundred thousands digit of 58750193?
7
What is the units digit of 35768782?
2
What is the ten thousands digit of 1482416?
8
What is the thousands digit of 82535497?
5
What is the hundreds digit of 2842255524?
5
What is the thousands digit of 319200537?
0
What is the hundred millions digit of 196355547?
1
What is the ten thousands digit of 26551111?
5
What is the hundred thousands digit of 586387250?
3
What is the hundreds digit of 273341029?
0
What is the ten thousands digit of 79056772?
5
What is the units digit of 5658270284?
4
What is the ten thousands digit of 1976646080?
4
What is the ten millions digit of 21764498?
2
What is the ten thousands digit of 478733686?
3
What is the ten thousands digit of 231949179?
4
What is the ten thousands digit of 54892196?
9
What is the ten millions digit of 14225541?
1
What is the ten millions digit of 2406832881?
0
What is the ten millions digit of 333305043?
3
What is the units digit of 161163068?
8
What is the billions digit of 1001787835?
1
What is the units digit of 824901218?
8
What is the thousands digit of 14890677?
0
What is the hundred millions digit of 1347975757?
3
What is the tens digit of 1171817826?
2
What is the millions digit of 3055834362?
5
What is the units digit of 102656784?
4
What is the tens digit of 1169040690?
9
What is the millions digit of 46031415?
6
What is the units digit of 510714407?
7
What is the units digit of 232254505?
5
What is the ten thousands digit of 1958852152?
5
What is the thousands digit of 22676732?
6
What is the ten millions digit of 2342678157?
4
What is the hundred thousands digit of 1182422472?
4
What is the units digit of 1115053860?
0
What is the hundreds digit of 1239917084?
0
What is the tens digit of 2814463880?
8
What is the hundred thousands digit of 5402954658?
9
What is the hundred thousands digit of 133912664?
9
What is the ten millions digit of 91903369?
9
What is the hundred thousands digit of 226053036?
0
What is the units digit of 40918888?
8
What is the units digit of 1782423162?
2
What is the tens digit of 2024250306?
0
What is the ten thousands digit of 7310824?
1
What is the hundred thousands digit of 6565364870?
3
What is the units digit of 51178921?
1
What is the ten thousands digit of 352024975?
2
What is the hundred millions digit of 109271391?
1
What is the ten millions digit of 852717869?
5
What is the units digit of 183780940?
0
What is the ten thousands digit of 69433635?
3
What is the hundreds digit of 1631066251?
2
What is the ten millions digit of 400005680?
0
What is the hundreds digit of 315937221?
2
What is the hundred thousands digit of 601502556?
5
What is the hundreds digit of 424086476?
4
What is the hundreds digit of 502528680?
6
What is the ten thousands digit of 171241096?
4
What is the millions digit of 226283185?
6
What is the tens digit of 3040869677?
7
What is the hundred millions digit of 1014486837?
0
What is the millions digit of 270513757?
0
What is the units digit of 32309849?
9
What is the thousands digit of 389726597?
6
What is the thousands digit of 1028241786?
1
What is the millions digit of 46831038?
6
What is the hundred thousands digit of 116050768?
0
What is the hundred thousands digit of 11019763?
0
What is the hundred thousands digit of 88876631?
8
What is the ten millions digit of 461241499?
6
What is the hundred thousands digit of 65127085?
1
What is the millions digit of 221650729?
1
What is the ten thousands digit of 531583502?
8
What is the ten thousands digit of 286805831?
0
What is the hundreds digit of 54557995?
9
What is the units digit of 158294777?
7
What is the ten thousands digit of 3714582354?
8
What is the tens digit of 104967884?
8
What is the hundred thousands digit of 2184104251?
1
What is the millions digit of 276786876?
6
What is the ten thousands digit of 10654498?
5
What is the billions digit of 1668744510?
1
What is the millions digit of 8136